{"id":85,"date":"2020-11-30T19:12:57","date_gmt":"2020-11-30T18:12:57","guid":{"rendered":"https:\/\/ecoleduchat.asso.fr\/?page_id=85"},"modified":"2020-11-30T19:12:57","modified_gmt":"2020-11-30T18:12:57","slug":"le-nourrissage","status":"publish","type":"page","link":"https:\/\/ecoleduchat.asso.fr\/?page_id=85","title":{"rendered":"Le nourrissage"},"content":{"rendered":"\n<p class=\"has-text-align-center\"><img loading=\"lazy\" decoding=\"async\" width=\"400\" height=\"259\" class=\"wp-image-86\" style=\"width: 400px;\" src=\"https:\/\/ecoleduchat.asso.fr\/wp-content\/uploads\/2020\/11\/img1-nourrissage-page-12.jpg\" alt=\"\"><\/p>\n\n\n\n<p>De l\u2019avis des autorit\u00e9s comp\u00e9tentes en la mati\u00e8re,  \u00e0 savoir les v\u00e9t\u00e9rinaires, il ne faut pas nourrir les chats libres\u00a0: ils se d\u00e9brouillent tout seuls, nous dit-on, et puis, autre avantage, quand ils ne sont pas st\u00e9rilis\u00e9s, en ayant que quelques oiseaux et rongeurs \u00e0 se mettre sous la dent, ils sont moins prolifiques. Il est arriv\u00e9 aussi que des personnes qui s\u2019adressaient \u00e0 leur v\u00e9t\u00e9rinaire, angoiss\u00e9es par la prolif\u00e9ration des chats qu\u2019elles nourrissaient, se voient r\u00e9pondre qu\u2019elles n\u2019avaient qu\u2019\u00e0 pas les nourrir, et qu\u2019ils iraient ailleurs\u2026 Certes les chats arrivent \u00e0 se d\u00e9brouiller\u00a0: ils survivent, pour les plus solides d\u2019entre eux, s\u00e9lection naturelle oblige, et il n\u2019est que d\u2019aller en vacances dans certains pays pauvres ou peu concern\u00e9s par les animaux, pour avoir des hauts le c\u0153ur \u00e0 la vue de certains de ces chats. <strong>A la prolif\u00e9ration, il n\u2019y a qu\u2019un rem\u00e8de\u00a0: la st\u00e9rilisation et non la di\u00e8te<\/strong>\u2026<\/p>\n\n\n\n<p>Les d\u00e9fenseurs des oiseaux n\u2019appr\u00e9cient gu\u00e8re le c\u00f4t\u00e9 pr\u00e9dateur du f\u00e9lin\u2026 et on les comprend, mais des chats bien nourris sont moins enclins \u00e0 chasser\u00a0: \u00e0 la diff\u00e9rence de l\u2019homme, ils chassent avant tout pour manger, m\u00eame si cet instinct ne dispara\u00eet pas totalement\u2026 Le terme \u00ab\u00a0<strong>chat libre<\/strong>\u00a0\u00bb qui a peu \u00e0 peu remplac\u00e9 celui de \u00ab\u00a0chat errant\u00a0\u00bb plus p\u00e9joratif, a une signification un peu diff\u00e9rente\u00a0: <strong>c\u2019est un chat st\u00e9rilis\u00e9, tatou\u00e9, suivi sanitairement et qui est sous le contr\u00f4le d\u2019une association<\/strong>\u00a0: il est en libert\u00e9 surveill\u00e9e, attach\u00e9 \u00e0 son territoire\u2026 Comment apr\u00e8s l\u2019avoir captur\u00e9, st\u00e9rilis\u00e9, gard\u00e9 chez soi en convalescence, pourrait-on ne pas le nourrir\u00a0? <strong>Pour les associations concern\u00e9es, cela est impossible. Les chats libres st\u00e9rilis\u00e9s, nourris et pourvus d\u2019abris, sont replets, leur poil est brillant, et ils font moins peur aux obs\u00e9d\u00e9s des virus et des maladies<\/strong>&#8230;<\/p>\n","protected":false},"excerpt":{"rendered":"<p>De l\u2019avis des autorit\u00e9s comp\u00e9tentes en la mati\u00e8re, \u00e0 savoir les v\u00e9t\u00e9rinaires, il ne faut pas nourrir les chats libres\u00a0: ils se d\u00e9brouillent tout seuls, nous dit-on, et puis, autre avantage, quand ils ne sont pas st\u00e9rilis\u00e9s, en ayant que quelques oiseaux et rongeurs \u00e0 se mettre sous la dent, ils sont moins prolifiques. Il &hellip; <\/p>\n<p class=\"link-more\"><a href=\"https:\/\/ecoleduchat.asso.fr\/?page_id=85\" class=\"more-link\">Continuer la lecture<span class=\"screen-reader-text\"> de &laquo;&nbsp;Le nourrissage&nbsp;&raquo;<\/span><\/a><\/p>\n","protected":false},"author":1,"featured_media":0,"parent":0,"menu_order":0,"comment_status":"closed","ping_status":"closed","template":"","meta":{"footnotes":""},"_links":{"self":[{"href":"https:\/\/ecoleduchat.asso.fr\/index.php?rest_route=\/wp\/v2\/pages\/85"}],"collection":[{"href":"https:\/\/ecoleduchat.asso.fr\/index.php?rest_route=\/wp\/v2\/pages"}],"about":[{"href":"https:\/\/ecoleduchat.asso.fr\/index.php?rest_route=\/wp\/v2\/types\/page"}],"author":[{"embeddable":true,"href":"https:\/\/ecoleduchat.asso.fr\/index.php?rest_route=\/wp\/v2\/users\/1"}],"replies":[{"embeddable":true,"href":"https:\/\/ecoleduchat.asso.fr\/index.php?rest_route=%2Fwp%2Fv2%2Fcomments&post=85"}],"version-history":[{"count":1,"href":"https:\/\/ecoleduchat.asso.fr\/index.php?rest_route=\/wp\/v2\/pages\/85\/revisions"}],"predecessor-version":[{"id":87,"href":"https:\/\/ecoleduchat.asso.fr\/index.php?rest_route=\/wp\/v2\/pages\/85\/revisions\/87"}],"wp:attachment":[{"href":"https:\/\/ecoleduchat.asso.fr\/index.php?rest_route=%2Fwp%2Fv2%2Fmedia&parent=85"}],"curies":[{"name":"wp","href":"https:\/\/api.w.org\/{rel}","templated":true}]}}