{"id":78,"date":"2020-11-30T18:48:04","date_gmt":"2020-11-30T17:48:04","guid":{"rendered":"https:\/\/ecoleduchat.asso.fr\/?page_id=78"},"modified":"2026-04-28T17:52:16","modified_gmt":"2026-04-28T15:52:16","slug":"le-tatouage","status":"publish","type":"page","link":"https:\/\/ecoleduchat.asso.fr\/?page_id=78","title":{"rendered":"L&#8217;identification"},"content":{"rendered":"\n<p class=\"has-cyan-bluish-gray-background-color has-background\">L&#8217;identification de votre chat est <strong>obligatoire<\/strong>. Voici l&#8217;article du Code rural et de la p\u00eache maritime correspondant : <a href=\"https:\/\/www.legifrance.gouv.fr\/codes\/article_lc\/LEGIARTI000044393811\">L212-10<\/a><\/p>\n\n\n\n<h3 class=\"wp-block-heading\"><strong><span style=\"text-decoration: underline;\">L\u2019identification des chats : une obligation l\u00e9gale et une protection essentielle<\/span><\/strong><\/h3>\n\n\n\n<p>En France, l\u2019identification des chats est obligatoire.<\/p>\n\n\n\n<p>Tout chat \u00e2g\u00e9 de plus de 7 mois n\u00e9 apr\u00e8s le 1er janvier 2012 doit \u00eatre identifi\u00e9, que ce soit par puce \u00e9lectronique ou par tatouage, conform\u00e9ment au Code rural et de la p\u00eache maritime, cit\u00e9 plus haut.<\/p>\n\n\n\n<p>L\u2019identification permet avant tout de prot\u00e9ger le chat :<\/p>\n\n\n\n<ul>\n<li>en cas de perte de votre chat, si quelqu&#8217;un trouve votre chat, on peut vous contacter ;<\/li>\n\n\n\n<li>si le chat se prom\u00e8ne librement \u00e0 l\u2019ext\u00e9rieur, elle permet de savoir qu&#8217;il appartient \u00e0 quelqu&#8217;un;<\/li>\n\n\n\n<li>en cas d\u2019accident, de mise en fourri\u00e8re ou de prise en charge v\u00e9t\u00e9rinaire, elle \u00e9vite qu\u2019il soit consid\u00e9r\u00e9 comme errant ;<\/li>\n\n\n\n<li>en cas d\u2019abandon ou de maltraitance, elle permet \u00e9galement de remonter jusqu\u2019au responsable.<\/li>\n<\/ul>\n\n\n\n<p>Elle est \u00e9galement indispensable dans le cadre des campagnes de st\u00e9rilisation des chats errants : un chat libre captur\u00e9, st\u00e9rilis\u00e9 puis rel\u00e2ch\u00e9 doit obligatoirement \u00eatre identifi\u00e9, g\u00e9n\u00e9ralement au nom de la mairie ou de l\u2019association qui en assure le suivi.<\/p>\n\n\n\n<p><strong>Un chat identifi\u00e9 est un chat prot\u00e9g\u00e9<\/strong>.<\/p>\n\n\n\n<p>Au sein de notre association, tous les chats pris en charge sont bien entendu syst\u00e9matiquement identifi\u00e9s avant leur adoption, afin de garantir leur s\u00e9curit\u00e9, leur tra\u00e7abilit\u00e9 et leur protection tout au long de leur vie.<\/p>\n\n\n\n<p><\/p>\n\n\n\n<p>D\u00e9sormais, l&#8217;identification se fait par puce \u00e9l\u00e9ctronique, mais \u00e7a n&#8217;a pas toujours \u00e9t\u00e9 le cas !<\/p>\n\n\n\n<p class=\"has-light-green-cyan-background-color has-background has-medium-font-size\"><strong>Un peu d&#8217;histoire<\/strong> : l&#8217;identification par tatouage<\/p>\n\n\n\n<p>En 1977, <strong>Michel Cambazard<\/strong> scandalis\u00e9 par l\u2019enl\u00e8vement des chats du Cimeti\u00e8re Montmartre par la Ville de Paris, rassemble les grandes associations pour les informer de sa d\u00e9cision de cr\u00e9er l\u2019 \u00c9cole du Chat afin d\u2019 apporter une autre r\u00e9ponse au probl\u00e8me des chats errants. Les solutions qu\u2019il propose sont toutes interdites par la Loi&nbsp;: trapper, st\u00e9riliser, tatouer, rel\u00e2cher. N\u00e9anmoins, elles sont toutes accept\u00e9es, \u00e0 l\u2019exception du tatouage. Pour des raisons de co\u00fbt financier mais surtout pour ne pas \u00eatre juridiquement responsable de ces chats, on pr\u00e9f\u00e8re un simple marquage ou une encoche dans l\u2019oreille.<\/p>\n\n\n\n<p>Mais l\u2019immatriculation au Fichier National F\u00e9lin est la carte d\u2019identit\u00e9 du chat, un plus pour sa s\u00e9curit\u00e9 qui lui permet d\u2019avoir la vie sauve s\u2019il est mis en fourri\u00e8re.<\/p>\n\n\n\n<p>Le 22 juin 1978, <strong>Michel Cambazard<\/strong> rel\u00e2che sur son territoire au cimeti\u00e8re Montmartre, <strong>Nicolas st\u00e9rilis\u00e9 et tatou\u00e9 AA O831<\/strong>&nbsp;: <strong>il est le premier Chat Libre de France<\/strong>. Et depuis ce jour, l\u2019 \u00c9cole du Chat continue \u00e0 rel\u00e2cher partout o\u00f9 cela est possible, des chats st\u00e9rilis\u00e9s et tatou\u00e9s, confort\u00e9e par la <strong>Loi du 6 janvier 1999<\/strong> qui l\u2019y autorise mais qui n\u00e9anmoins ne l\u2019oblige pas \u00e0 les rel\u00e2cher tatou\u00e9s. Le tatouage n\u2019est en effet obligatoire qu\u2019en cas de cession. Cette pratique se r\u00e9pand partout&nbsp;; de nombreuses associations autonomes ont vu le jour&nbsp;: elles st\u00e9rilisent mais beaucoup d\u2019entre elles renoncent au tatouage. A quoi bon pour des chats errants&nbsp;?<\/p>\n\n\n\n<p>C\u2019\u2019est un peu ce que pensent les Mairies et les associations qui n\u2019accordent pas la m\u00eame valeur aux chats errants et aux chats domestiques promis \u00e0 l\u2019adoption\u2026<\/p>\n\n\n\n<p>Depuis 2012, le tatouage (Dermographe) ou (Puce \u00c9lectronique) est obligatoire pour tous les chats. Il aura fallu vingt ans pour que le chat errant soit prot\u00e9g\u00e9 par la Loi, trente quatre ans pour qu\u2019il ait une identit\u00e9&nbsp;! Le jour viendra o\u00f9 pour le Code Civil, il ne sera plus un \u00ab&nbsp;meuble&nbsp;\u00bb mais un \u00eatre sensible&nbsp;! \u00ab&nbsp;<strong>Rien n\u2019est plus puissant qu\u2019une id\u00e9e dont le temps est venu<\/strong>&nbsp;\u00bb disait si justement Victor Hugo&nbsp;!<\/p>\n","protected":false},"excerpt":{"rendered":"<p>L&#8217;identification de votre chat est obligatoire. Voici l&#8217;article du Code rural et de la p\u00eache maritime correspondant : L212-10 L\u2019identification des chats : une obligation l\u00e9gale et une protection essentielle En France, l\u2019identification des chats est obligatoire. Tout chat \u00e2g\u00e9 de plus de 7 mois n\u00e9 apr\u00e8s le 1er janvier 2012 doit \u00eatre identifi\u00e9, que &hellip; <\/p>\n<p class=\"link-more\"><a href=\"https:\/\/ecoleduchat.asso.fr\/?page_id=78\" class=\"more-link\">Continuer la lecture<span class=\"screen-reader-text\"> de &laquo;&nbsp;L&#8217;identification&nbsp;&raquo;<\/span><\/a><\/p>\n","protected":false},"author":1,"featured_media":0,"parent":0,"menu_order":0,"comment_status":"closed","ping_status":"closed","template":"","meta":{"footnotes":""},"_links":{"self":[{"href":"https:\/\/ecoleduchat.asso.fr\/index.php?rest_route=\/wp\/v2\/pages\/78"}],"collection":[{"href":"https:\/\/ecoleduchat.asso.fr\/index.php?rest_route=\/wp\/v2\/pages"}],"about":[{"href":"https:\/\/ecoleduchat.asso.fr\/index.php?rest_route=\/wp\/v2\/types\/page"}],"author":[{"embeddable":true,"href":"https:\/\/ecoleduchat.asso.fr\/index.php?rest_route=\/wp\/v2\/users\/1"}],"replies":[{"embeddable":true,"href":"https:\/\/ecoleduchat.asso.fr\/index.php?rest_route=%2Fwp%2Fv2%2Fcomments&post=78"}],"version-history":[{"count":4,"href":"https:\/\/ecoleduchat.asso.fr\/index.php?rest_route=\/wp\/v2\/pages\/78\/revisions"}],"predecessor-version":[{"id":693,"href":"https:\/\/ecoleduchat.asso.fr\/index.php?rest_route=\/wp\/v2\/pages\/78\/revisions\/693"}],"wp:attachment":[{"href":"https:\/\/ecoleduchat.asso.fr\/index.php?rest_route=%2Fwp%2Fv2%2Fmedia&parent=78"}],"curies":[{"name":"wp","href":"https:\/\/api.w.org\/{rel}","templated":true}]}}