{"id":73,"date":"2020-11-30T18:39:54","date_gmt":"2020-11-30T17:39:54","guid":{"rendered":"https:\/\/ecoleduchat.asso.fr\/?page_id=73"},"modified":"2026-04-28T17:42:40","modified_gmt":"2026-04-28T15:42:40","slug":"la-sterilisation","status":"publish","type":"page","link":"https:\/\/ecoleduchat.asso.fr\/?page_id=73","title":{"rendered":"La st\u00e9rilisation"},"content":{"rendered":"\n<p>Ce que dit le minist\u00e8re de l&#8217;agriculture : <a href=\"https:\/\/agriculture.gouv.fr\/la-sterilisation-des-chats-un-acte-de-protection\" data-type=\"link\" data-id=\"https:\/\/agriculture.gouv.fr\/la-sterilisation-des-chats-un-acte-de-protection\">la st\u00e9rilisation des chats, un acte de protection<\/a><\/p>\n\n\n\n<div class=\"wp-block-buttons is-layout-flex wp-block-buttons-is-layout-flex\">\n<div class=\"wp-block-button\"><a class=\"wp-block-button__link has-luminous-vivid-orange-background-color has-background wp-element-button\" href=\"https:\/\/ecoleduchat.asso.fr\/wp-content\/uploads\/2026\/04\/sv_depliant_chat_sterilisation_web.pdf\">T\u00e9l\u00e9chargez la brochure PDF <\/a><\/div>\n<\/div>\n\n\n\n<p><\/p>\n\n\n\n<p class=\"has-text-align-center\"><img loading=\"lazy\" decoding=\"async\" width=\"500\" height=\"724\" class=\"wp-image-74\" style=\"width: 500px;\" src=\"https:\/\/ecoleduchat.asso.fr\/wp-content\/uploads\/2020\/11\/img1-lasterilisation-page-9.jpg\" alt=\"\" srcset=\"https:\/\/ecoleduchat.asso.fr\/wp-content\/uploads\/2020\/11\/img1-lasterilisation-page-9.jpg 500w, https:\/\/ecoleduchat.asso.fr\/wp-content\/uploads\/2020\/11\/img1-lasterilisation-page-9-207x300.jpg 207w\" sizes=\"(max-width: 500px) 100vw, 500px\" \/><\/p>\n\n\n\n<p>Compl\u00e9ment \u00e0 la l\u00e9gislation de 1999 :<br><em>&#8220;L\u2019arr\u00eat\u00e9 du 3 avril 2014 fixe les r\u00e8gles sanitaires et de protection animale auxquelles doivent satisfaire les activit\u00e9s li\u00e9es aux animaux de compagnie d\u2019 esp\u00e8ces domestiques relevant du chapitre IV de l\u2019article L 214-6 du Code rural et de la p\u00eache maritime.&#8221;<\/em><\/p>\n\n\n\n<p class=\"has-small-font-size\"><strong><em>\u00ab&nbsp;Les chats non identifi\u00e9s sans propri\u00e9taire ou sans d\u00e9tenteur vivant en groupe dans des lieux publics sur un territoire d\u2019une commune ne peuvent \u00eatre captur\u00e9s qu\u2019\u00e0 la demande du Maire de cette commune. Ces animaux ne peuvent \u00eatre conduits en fourri\u00e8re que dans la mesure o\u00f9 le programme d\u2019identification et de st\u00e9rilisation pr\u00e9vu \u00e0 l\u2019article L 211-27 du code rural et de la p\u00eache maritime ne peut \u00eatre mis en \u0153uvre.<\/em>&nbsp;\u00bb<\/strong><\/p>\n\n\n\n<p>Depuis le 1<sup>er<\/sup>&nbsp;janvier 2015, les chats errants doivent \u00eatre st\u00e9rilis\u00e9s et identifi\u00e9s puis rel\u00e2ch\u00e9s sur les lieux o\u00f9 ils ont \u00e9t\u00e9 captur\u00e9s.<br>Le Maire devra donc justifier son recours \u00e0 la fourri\u00e8re et son refus de mettre en \u0153uvre un programme de st\u00e9rilisation&nbsp;!<\/p>\n\n\n\n<p>Les chats du Cimeti\u00e8re Montmartre, il y a 25 ans, ont eu la vie sauve parce qu\u2019on les a st\u00e9rilis\u00e9. La st\u00e9rilisation supprime les nuisances &#8211; odeurs, bagarres, cris des chattes en chaleur, mais elle seule peut calmer nos peurs, peur de la prolif\u00e9ration de chats sans ma\u00eetre, peur de les voir envahir notre espace&nbsp;: nos caves, nos terrains vagues, nos squares, nos cimeti\u00e8res, nos \u00e9coles\u2026 peur des maladies qu\u2019ils peuvent nous transmettre\u2026 peur d\u2019\u00eatre agress\u00e9s, griff\u00e9s, mordus\u2026<\/p>\n\n\n\n<p>Le chat errant est le reflet de nos peurs\u2026 et le premier r\u00e9flexe est de le faire dispara\u00eetre. Une colonie de chats st\u00e9rilis\u00e9s est une barri\u00e8re contre l\u2019envahissement de nouveaux abandonn\u00e9s&nbsp;: les enlever ne r\u00e8gle pas le probl\u00e8me\u2026 d\u2019autres chats ont tr\u00e8s vite fait de r\u00e9appara\u00eetre\u2026 Si aujourd\u2019hui, la st\u00e9rilisation appara\u00eet comme la seule solution digne de notre soci\u00e9t\u00e9 riche et \u00ab&nbsp;civilis\u00e9e&nbsp;\u00bb, c\u2019est bien parce qu\u2019il y a 25 ans, on a os\u00e9 s\u2019opposer \u00e0 une r\u00e9glementation inefficace et obsol\u00e8te et \u00e0 mettre en pratique une id\u00e9e nouvelle.<\/p>\n","protected":false},"excerpt":{"rendered":"<p>Ce que dit le minist\u00e8re de l&#8217;agriculture : la st\u00e9rilisation des chats, un acte de protection Compl\u00e9ment \u00e0 la l\u00e9gislation de 1999 :&#8220;L\u2019arr\u00eat\u00e9 du 3 avril 2014 fixe les r\u00e8gles sanitaires et de protection animale auxquelles doivent satisfaire les activit\u00e9s li\u00e9es aux animaux de compagnie d\u2019 esp\u00e8ces domestiques relevant du chapitre IV de l\u2019article L &hellip; <\/p>\n<p class=\"link-more\"><a href=\"https:\/\/ecoleduchat.asso.fr\/?page_id=73\" class=\"more-link\">Continuer la lecture<span class=\"screen-reader-text\"> de &laquo;&nbsp;La st\u00e9rilisation&nbsp;&raquo;<\/span><\/a><\/p>\n","protected":false},"author":1,"featured_media":0,"parent":0,"menu_order":0,"comment_status":"closed","ping_status":"closed","template":"","meta":{"footnotes":""},"_links":{"self":[{"href":"https:\/\/ecoleduchat.asso.fr\/index.php?rest_route=\/wp\/v2\/pages\/73"}],"collection":[{"href":"https:\/\/ecoleduchat.asso.fr\/index.php?rest_route=\/wp\/v2\/pages"}],"about":[{"href":"https:\/\/ecoleduchat.asso.fr\/index.php?rest_route=\/wp\/v2\/types\/page"}],"author":[{"embeddable":true,"href":"https:\/\/ecoleduchat.asso.fr\/index.php?rest_route=\/wp\/v2\/users\/1"}],"replies":[{"embeddable":true,"href":"https:\/\/ecoleduchat.asso.fr\/index.php?rest_route=%2Fwp%2Fv2%2Fcomments&post=73"}],"version-history":[{"count":5,"href":"https:\/\/ecoleduchat.asso.fr\/index.php?rest_route=\/wp\/v2\/pages\/73\/revisions"}],"predecessor-version":[{"id":689,"href":"https:\/\/ecoleduchat.asso.fr\/index.php?rest_route=\/wp\/v2\/pages\/73\/revisions\/689"}],"wp:attachment":[{"href":"https:\/\/ecoleduchat.asso.fr\/index.php?rest_route=%2Fwp%2Fv2%2Fmedia&parent=73"}],"curies":[{"name":"wp","href":"https:\/\/api.w.org\/{rel}","templated":true}]}}

La stérilisation

<p>Ce que dit le ministère de l&#8217;agriculture : <a href="https://agriculture.gouv.fr/la-sterilisation-des-chats-un-acte-de-protection" data-type="link" data-id="https://agriculture.gouv.fr/la-sterilisation-des-chats-un-acte-de-protection">la stérilisation des chats, un acte de protection</a></p>



<div class="wp-block-buttons is-layout-flex wp-block-buttons-is-layout-flex">
<div class="wp-block-button"><a class="wp-block-button__link has-luminous-vivid-orange-background-color has-background wp-element-button" href="https://ecoleduchat.asso.fr/wp-content/uploads/2026/04/sv_depliant_chat_sterilisation_web.pdf">Téléchargez la brochure PDF </a></div>
</div>



<p></p>



<p class="has-text-align-center"><img loading="lazy" decoding="async" width="500" height="724" class="wp-image-74" style="width: 500px;" src="https://ecoleduchat.asso.fr/wp-content/uploads/2020/11/img1-lasterilisation-page-9.jpg" alt="" srcset="https://ecoleduchat.asso.fr/wp-content/uploads/2020/11/img1-lasterilisation-page-9.jpg 500w, https://ecoleduchat.asso.fr/wp-content/uploads/2020/11/img1-lasterilisation-page-9-207x300.jpg 207w" sizes="(max-width: 500px) 100vw, 500px" /></p>



<p>Complément à la législation de 1999 :<br><em>&#8220;L’arrêté du 3 avril 2014 fixe les règles sanitaires et de protection animale auxquelles doivent satisfaire les activités liées aux animaux de compagnie d’ espèces domestiques relevant du chapitre IV de l’article L 214-6 du Code rural et de la pêche maritime.&#8221;</em></p>



<p class="has-small-font-size"><strong><em>«&nbsp;Les chats non identifiés sans propriétaire ou sans détenteur vivant en groupe dans des lieux publics sur un territoire d’une commune ne peuvent être capturés qu’à la demande du Maire de cette commune. Ces animaux ne peuvent être conduits en fourrière que dans la mesure où le programme d’identification et de stérilisation prévu à l’article L 211-27 du code rural et de la pêche maritime ne peut être mis en œuvre.</em>&nbsp;»</strong></p>



<p>Depuis le 1<sup>er</sup>&nbsp;janvier 2015, les chats errants doivent être stérilisés et identifiés puis relâchés sur les lieux où ils ont été capturés.<br>Le Maire devra donc justifier son recours à la fourrière et son refus de mettre en œuvre un programme de stérilisation&nbsp;!</p>



<p>Les chats du Cimetière Montmartre, il y a 25 ans, ont eu la vie sauve parce qu’on les a stérilisé. La stérilisation supprime les nuisances &#8211; odeurs, bagarres, cris des chattes en chaleur, mais elle seule peut calmer nos peurs, peur de la prolifération de chats sans maître, peur de les voir envahir notre espace&nbsp;: nos caves, nos terrains vagues, nos squares, nos cimetières, nos écoles… peur des maladies qu’ils peuvent nous transmettre… peur d’être agressés, griffés, mordus…</p>



<p>Le chat errant est le reflet de nos peurs… et le premier réflexe est de le faire disparaître. Une colonie de chats stérilisés est une barrière contre l’envahissement de nouveaux abandonnés&nbsp;: les enlever ne règle pas le problème… d’autres chats ont très vite fait de réapparaître… Si aujourd’hui, la stérilisation apparaît comme la seule solution digne de notre société riche et «&nbsp;civilisée&nbsp;», c’est bien parce qu’il y a 25 ans, on a osé s’opposer à une réglementation inefficace et obsolète et à mettre en pratique une idée nouvelle.</p>

<p>Ce que dit le ministère de l&#8217;agriculture : la stérilisation des chats, un acte de protection Complément à la législation de 1999 :&#8220;L’arrêté du 3 avril 2014 fixe les règles sanitaires et de protection animale auxquelles doivent satisfaire les activités liées aux animaux de compagnie d’ espèces domestiques relevant du chapitre IV de l’article L &hellip; </p>
<p class="link-more"><a href="https://ecoleduchat.asso.fr/?page_id=73" class="more-link">Continuer la lecture<span class="screen-reader-text"> de &laquo;&nbsp;La stérilisation&nbsp;&raquo;</span></a></p>
