{"id":723,"date":"2026-05-06T17:29:54","date_gmt":"2026-05-06T15:29:54","guid":{"rendered":"https:\/\/ecoleduchat.asso.fr\/?page_id=723"},"modified":"2026-05-06T17:34:32","modified_gmt":"2026-05-06T15:34:32","slug":"bienvenue","status":"publish","type":"page","link":"https:\/\/ecoleduchat.asso.fr\/","title":{"rendered":"Bienvenue !"},"content":{"rendered":"\n<p><strong>L\u2019\u00c9cole du Chat<\/strong>\u00a0a une mission\u00a0: la protection du chat \u00ab\u00a0libre\u00a0\u00bbsur son territoire comme du chat familier abandonn\u00e9 et en attente d\u2019une maison, du chat adulte comme du chaton, du chat \u00e2g\u00e9 comme du chat malade ou bless\u00e9. Avec peu de moyens financiers, avec des b\u00e9n\u00e9voles trop peu nombreux, elle accomplit une action d\u2019utilit\u00e9 publique dont la seule finalit\u00e9 est la protection, le bien -\u00eatre et la r\u00e9habilitation du chat dans tous ses \u00e9tats .<\/p>\n\n\n\n<p class=\"has-background\" style=\"background:linear-gradient(185deg,rgb(202,248,128) 0%,rgb(30,162,47) 100%)\">Apr\u00e8s une longue p\u00e9riode d&#8217;inactivit\u00e9, notre site internet reprend du poil de la b\u00eate ! Vous pouvez \u00e0 nouveau avoir acc\u00e8s aux informations sur nos chats \u00e0 l&#8217;adoption. Nos informations pour nous contacter sont \u00e0 jour donc n&#8217;h\u00e9sitez pas \u00e0 nous contacter ! <\/p>\n\n\n\n<p class=\"has-text-align-center\">\ud83d\udd8b\ufe0f Un article sur notre dernier sauvetage est en cours de r\u00e9daction<\/p>\n\n\n\n<p>\ud83d\udc8a Nous avons deux chats en particulier, Marcel et Doucette, qui n\u00e9cessitent beaucoup de soins et nous souhaitons mettre en place tr\u00e8s bient\u00f4t une cagnotte pour les aider<\/p>\n\n\n\n<p class=\"has-text-align-center\">\ud83d\udccdNous n&#8217;apparaissons pas sur Google Maps car nous n&#8217;avons pas de refuge ou de bureaux, nous n&#8217;avons que des <a href=\"https:\/\/ecoleduchat.asso.fr\/?page_id=631\" data-type=\"page\" data-id=\"631\">familles d&#8217;accueil<\/a> (et en cherchons d\u00e9sesp\u00e9rement plus !)<\/p>\n","protected":false},"excerpt":{"rendered":"<p>L\u2019\u00c9cole du Chat\u00a0a une mission\u00a0: la protection du chat \u00ab\u00a0libre\u00a0\u00bbsur son territoire comme du chat familier abandonn\u00e9 et en attente d\u2019une maison, du chat adulte comme du chaton, du chat \u00e2g\u00e9 comme du chat malade ou bless\u00e9. Avec peu de moyens financiers, avec des b\u00e9n\u00e9voles trop peu nombreux, elle accomplit une action d\u2019utilit\u00e9 publique dont &hellip; <\/p>\n<p class=\"link-more\"><a href=\"https:\/\/ecoleduchat.asso.fr\/\" class=\"more-link\">Continuer la lecture<span class=\"screen-reader-text\"> de &laquo;&nbsp;Bienvenue !&nbsp;&raquo;<\/span><\/a><\/p>\n","protected":false},"author":1,"featured_media":320,"parent":0,"menu_order":0,"comment_status":"closed","ping_status":"closed","template":"","meta":{"footnotes":""},"_links":{"self":[{"href":"https:\/\/ecoleduchat.asso.fr\/index.php?rest_route=\/wp\/v2\/pages\/723"}],"collection":[{"href":"https:\/\/ecoleduchat.asso.fr\/index.php?rest_route=\/wp\/v2\/pages"}],"about":[{"href":"https:\/\/ecoleduchat.asso.fr\/index.php?rest_route=\/wp\/v2\/types\/page"}],"author":[{"embeddable":true,"href":"https:\/\/ecoleduchat.asso.fr\/index.php?rest_route=\/wp\/v2\/users\/1"}],"replies":[{"embeddable":true,"href":"https:\/\/ecoleduchat.asso.fr\/index.php?rest_route=%2Fwp%2Fv2%2Fcomments&post=723"}],"version-history":[{"count":2,"href":"https:\/\/ecoleduchat.asso.fr\/index.php?rest_route=\/wp\/v2\/pages\/723\/revisions"}],"predecessor-version":[{"id":725,"href":"https:\/\/ecoleduchat.asso.fr\/index.php?rest_route=\/wp\/v2\/pages\/723\/revisions\/725"}],"wp:featuredmedia":[{"embeddable":true,"href":"https:\/\/ecoleduchat.asso.fr\/index.php?rest_route=\/wp\/v2\/media\/320"}],"wp:attachment":[{"href":"https:\/\/ecoleduchat.asso.fr\/index.php?rest_route=%2Fwp%2Fv2%2Fmedia&parent=723"}],"curies":[{"name":"wp","href":"https:\/\/api.w.org\/{rel}","templated":true}]}}