{"id":485,"date":"2021-07-25T20:35:44","date_gmt":"2021-07-25T18:35:44","guid":{"rendered":"https:\/\/ecoleduchat.asso.fr\/?page_id=485"},"modified":"2025-04-11T14:59:25","modified_gmt":"2025-04-11T12:59:25","slug":"suivi-des-adoptes","status":"publish","type":"page","link":"https:\/\/ecoleduchat.asso.fr\/?page_id=485","title":{"rendered":"Suivi des adopt\u00e9s"},"content":{"rendered":"\n<p>PHOENIX, n&#8217;est plus en recherche de famille d&#8217;accueil :<\/p>\n\n\n\n<p class=\"has-text-align-center\"><strong><a href=\"http:\/\/ecoleduchat.asso.fr\/pdf\/Phoenix-a-ete-adopte.pdf\" target=\"_blank\" rel=\"noreferrer noopener\">Phoenix a \u00e9t\u00e9 adopt\u00e9<\/a><\/strong><\/p>\n\n\n\n<p>TYPHA le magnifique n&#8217;est plus en recherche de famille d&#8217;accueil :<\/p>\n\n\n\n<p class=\"has-text-align-center\"><strong><a href=\"https:\/\/ecoleduchat.asso.fr\/wp-content\/uploads\/2021\/05\/Typha-le-magnifique-a-ete-adopte.pdf\" target=\"_blank\" rel=\"noreferrer noopener\">Typha le magnifique<\/a> a \u00e9t\u00e9 adopt\u00e9<\/strong><\/p>\n\n\n\n<p>A deux c&#8217;est toujours mieux :<\/p>\n\n\n\n<p class=\"has-text-align-center\"><strong><a href=\"http:\/\/ecoleduchat.asso.fr\/pdf\/A deux c'est toujours mieux.pdf\" target=\"_blank\" rel=\"noreferrer noopener\">Tilia et Caria ont \u00e9t\u00e9 adopt\u00e9<\/a><\/strong><\/p>\n\n\n\n<p>HELIX : <\/p>\n\n\n\n<p class=\"has-text-align-center\"><strong><a href=\"http:\/\/ecoleduchat.asso.fr\/pdf\/HELIX.pdf\" target=\"_blank\" rel=\"noreferrer noopener\">L&#8217;histoire d&#8217;H\u00e9lix<\/a><\/strong><\/p>\n\n\n\n<p>USCHI :<\/p>\n\n\n\n<p class=\"has-text-align-center\"><strong><a href=\"http:\/\/ecoleduchat.asso.fr\/pdf\/USCHI.pdf\" target=\"_blank\" rel=\"noreferrer noopener\">L&#8217;histoire d&#8217;Uschi<\/a><\/strong><\/p>\n\n\n\n<p>BONNIE :<\/p>\n\n\n\n<p class=\"has-text-align-center\"><strong><a href=\"http:\/\/ecoleduchat.asso.fr\/pdf\/Bonnie.pdf\" target=\"_blank\" rel=\"noreferrer noopener\">L&#8217;histoire de Bonnie<\/a><\/strong><\/p>\n","protected":false},"excerpt":{"rendered":"<p>PHOENIX, n&#8217;est plus en recherche de famille d&#8217;accueil : Phoenix a \u00e9t\u00e9 adopt\u00e9 TYPHA le magnifique n&#8217;est plus en recherche de famille d&#8217;accueil : Typha le magnifique a \u00e9t\u00e9 adopt\u00e9 A deux c&#8217;est toujours mieux : Tilia et Caria ont \u00e9t\u00e9 adopt\u00e9 HELIX : L&#8217;histoire d&#8217;H\u00e9lix USCHI : L&#8217;histoire d&#8217;Uschi BONNIE : L&#8217;histoire de Bonnie<\/p>\n","protected":false},"author":1,"featured_media":0,"parent":0,"menu_order":0,"comment_status":"closed","ping_status":"closed","template":"","meta":{"footnotes":""},"_links":{"self":[{"href":"https:\/\/ecoleduchat.asso.fr\/index.php?rest_route=\/wp\/v2\/pages\/485"}],"collection":[{"href":"https:\/\/ecoleduchat.asso.fr\/index.php?rest_route=\/wp\/v2\/pages"}],"about":[{"href":"https:\/\/ecoleduchat.asso.fr\/index.php?rest_route=\/wp\/v2\/types\/page"}],"author":[{"embeddable":true,"href":"https:\/\/ecoleduchat.asso.fr\/index.php?rest_route=\/wp\/v2\/users\/1"}],"replies":[{"embeddable":true,"href":"https:\/\/ecoleduchat.asso.fr\/index.php?rest_route=%2Fwp%2Fv2%2Fcomments&post=485"}],"version-history":[{"count":8,"href":"https:\/\/ecoleduchat.asso.fr\/index.php?rest_route=\/wp\/v2\/pages\/485\/revisions"}],"predecessor-version":[{"id":558,"href":"https:\/\/ecoleduchat.asso.fr\/index.php?rest_route=\/wp\/v2\/pages\/485\/revisions\/558"}],"wp:attachment":[{"href":"https:\/\/ecoleduchat.asso.fr\/index.php?rest_route=%2Fwp%2Fv2%2Fmedia&parent=485"}],"curies":[{"name":"wp","href":"https:\/\/api.w.org\/{rel}","templated":true}]}}