{"id":383,"date":"2021-01-24T22:42:48","date_gmt":"2021-01-24T21:42:48","guid":{"rendered":"https:\/\/ecoleduchat.asso.fr\/?page_id=383"},"modified":"2021-01-28T20:33:43","modified_gmt":"2021-01-28T19:33:43","slug":"lecole-du-chat-et-la-television","status":"publish","type":"page","link":"https:\/\/ecoleduchat.asso.fr\/?page_id=383","title":{"rendered":"L&#8217;\u00c9cole du chat et la t\u00e9l\u00e9vision"},"content":{"rendered":"\n<p>&#8230;. Vu \u00e0 la t\u00e9l\u00e9 :<\/p>\n\n\n\n<p><a rel=\"noreferrer noopener\" href=\"https:\/\/ecoleduchat.asso.fr\/?page_id=405\" target=\"_blank\">Reportage : dimanche 14 octobre 2007 \u00e0 15h00 sur France 5, &#8220;<strong>JAMAIS SANS MES CHATS<\/strong>&#8220;, dans le cadre de l&#8217;\u00e9mission du docteur <strong>Pierre ROUSSELET-BLANC<\/strong>. <\/a><\/p>\n\n\n\n<p>Et<\/p>\n\n\n\n<p><a href=\"https:\/\/ecoleduchat.asso.fr\/?page_id=411\" target=\"_blank\" rel=\"noreferrer noopener\">L&#8217;\u00e9mission &#8220;<strong>VISITE PRIVEE<\/strong>&#8221; de <strong>St\u00e9phane Bern<\/strong>  diffus\u00e9e le 7 d\u00e9cembre 2016.<\/a><\/p>\n","protected":false},"excerpt":{"rendered":"<p>&#8230;. Vu \u00e0 la t\u00e9l\u00e9 : Reportage : dimanche 14 octobre 2007 \u00e0 15h00 sur France 5, &#8220;JAMAIS SANS MES CHATS&#8220;, dans le cadre de l&#8217;\u00e9mission du docteur Pierre ROUSSELET-BLANC. Et L&#8217;\u00e9mission &#8220;VISITE PRIVEE&#8221; de St\u00e9phane Bern diffus\u00e9e le 7 d\u00e9cembre 2016.<\/p>\n","protected":false},"author":1,"featured_media":0,"parent":0,"menu_order":0,"comment_status":"closed","ping_status":"closed","template":"","meta":{"footnotes":""},"_links":{"self":[{"href":"https:\/\/ecoleduchat.asso.fr\/index.php?rest_route=\/wp\/v2\/pages\/383"}],"collection":[{"href":"https:\/\/ecoleduchat.asso.fr\/index.php?rest_route=\/wp\/v2\/pages"}],"about":[{"href":"https:\/\/ecoleduchat.asso.fr\/index.php?rest_route=\/wp\/v2\/types\/page"}],"author":[{"embeddable":true,"href":"https:\/\/ecoleduchat.asso.fr\/index.php?rest_route=\/wp\/v2\/users\/1"}],"replies":[{"embeddable":true,"href":"https:\/\/ecoleduchat.asso.fr\/index.php?rest_route=%2Fwp%2Fv2%2Fcomments&post=383"}],"version-history":[{"count":16,"href":"https:\/\/ecoleduchat.asso.fr\/index.php?rest_route=\/wp\/v2\/pages\/383\/revisions"}],"predecessor-version":[{"id":416,"href":"https:\/\/ecoleduchat.asso.fr\/index.php?rest_route=\/wp\/v2\/pages\/383\/revisions\/416"}],"wp:attachment":[{"href":"https:\/\/ecoleduchat.asso.fr\/index.php?rest_route=%2Fwp%2Fv2%2Fmedia&parent=383"}],"curies":[{"name":"wp","href":"https:\/\/api.w.org\/{rel}","templated":true}]}}