{"id":274,"date":"2020-12-09T12:08:44","date_gmt":"2020-12-09T11:08:44","guid":{"rendered":"https:\/\/ecoleduchat.asso.fr\/?page_id=274"},"modified":"2026-04-27T21:20:45","modified_gmt":"2026-04-27T19:20:45","slug":"chats-a-adopter","status":"publish","type":"page","link":"https:\/\/ecoleduchat.asso.fr\/?page_id=274","title":{"rendered":"Nos chats \u00e0 adopter"},"content":{"rendered":"\n<blockquote class=\"wp-block-quote is-layout-flow wp-block-quote-is-layout-flow\">\n<p>\ud83d\udc08 Page en cours d&#8217;\u00e9laboration &#8211; n&#8217;h\u00e9sitez pas \u00e0 nous contacter pour plus d&#8217;informations sur nos chats \u00e0 adopter ! <\/p>\n<\/blockquote>\n\n\n\n<h1 class=\"wp-block-heading has-text-align-center\" style=\"font-size:17px\">Nos chats \u00e0 l&#8217;adoption<\/h1>\n\n\n\n<figure class=\"wp-block-image size-large is-style-default\"><img loading=\"lazy\" decoding=\"async\" width=\"768\" height=\"1024\" src=\"https:\/\/ecoleduchat.asso.fr\/wp-content\/uploads\/2026\/04\/IMG-20260424-WA0031-768x1024.jpg\" alt=\"\" class=\"wp-image-591\" srcset=\"https:\/\/ecoleduchat.asso.fr\/wp-content\/uploads\/2026\/04\/IMG-20260424-WA0031-768x1024.jpg 768w, https:\/\/ecoleduchat.asso.fr\/wp-content\/uploads\/2026\/04\/IMG-20260424-WA0031-225x300.jpg 225w, https:\/\/ecoleduchat.asso.fr\/wp-content\/uploads\/2026\/04\/IMG-20260424-WA0031.jpg 1080w\" sizes=\"(max-width: 767px) 89vw, (max-width: 1000px) 54vw, (max-width: 1071px) 543px, 580px\" \/><\/figure>\n\n\n\n<figure class=\"wp-block-image size-large is-resized is-style-default\"><img loading=\"lazy\" decoding=\"async\" width=\"576\" height=\"1024\" src=\"https:\/\/ecoleduchat.asso.fr\/wp-content\/uploads\/2026\/04\/1000060653-576x1024.jpg\" alt=\"\" class=\"wp-image-573\" style=\"width:674px;height:auto\" srcset=\"https:\/\/ecoleduchat.asso.fr\/wp-content\/uploads\/2026\/04\/1000060653-576x1024.jpg 576w, https:\/\/ecoleduchat.asso.fr\/wp-content\/uploads\/2026\/04\/1000060653-169x300.jpg 169w, https:\/\/ecoleduchat.asso.fr\/wp-content\/uploads\/2026\/04\/1000060653-768x1365.jpg 768w, https:\/\/ecoleduchat.asso.fr\/wp-content\/uploads\/2026\/04\/1000060653-864x1536.jpg 864w, https:\/\/ecoleduchat.asso.fr\/wp-content\/uploads\/2026\/04\/1000060653.jpg 1080w\" sizes=\"(max-width: 576px) 100vw, 576px\" \/><figcaption class=\"wp-element-caption\">\ud83d\udda4 <strong><mark style=\"background-color:rgba(0, 0, 0, 0)\" class=\"has-inline-color has-black-color\"><em>Baloo<\/em> &#8211; 9 mois<\/mark><\/strong> \ud83d\udda4<br>Nous avons recueilli Baloo dans une zone industrielle \u00e0 ses 7 mois.<br>La sociabilisation s&#8217;est faite rapidement, mais il lui arrive d&#8217;\u00eatre encore un peu craintif parfois.<br>Avec un peu de patience, il saura vite vous rendre votre amour.<br>De temp\u00e9rament assez calme pour son \u00e2ge, il est joueur et gourmand (il adorera finir vos pots de yaourt !)<br><br>Chats, chiens OK \u2611\ufe0f<br>Si vous avez des enfants, Baloo aura quand m\u00eame besoin de tranquilit\u00e9 pour bien s&#8217;adapter<br>__________________________________________<br><\/figcaption><\/figure>\n\n\n\n<div class=\"wp-block-group\"><div class=\"wp-block-group__inner-container is-layout-constrained wp-block-group-is-layout-constrained\">\n<figure class=\"wp-block-image size-large is-resized is-style-default\"><img loading=\"lazy\" decoding=\"async\" width=\"1024\" height=\"768\" src=\"https:\/\/ecoleduchat.asso.fr\/wp-content\/uploads\/2026\/04\/1000060659-1024x768.jpg\" alt=\"\" class=\"wp-image-571\" style=\"width:674px;height:auto\" srcset=\"https:\/\/ecoleduchat.asso.fr\/wp-content\/uploads\/2026\/04\/1000060659-1024x768.jpg 1024w, https:\/\/ecoleduchat.asso.fr\/wp-content\/uploads\/2026\/04\/1000060659-300x225.jpg 300w, https:\/\/ecoleduchat.asso.fr\/wp-content\/uploads\/2026\/04\/1000060659-768x576.jpg 768w, https:\/\/ecoleduchat.asso.fr\/wp-content\/uploads\/2026\/04\/1000060659-1536x1152.jpg 1536w, https:\/\/ecoleduchat.asso.fr\/wp-content\/uploads\/2026\/04\/1000060659.jpg 2000w\" sizes=\"(max-width: 767px) 89vw, (max-width: 1000px) 54vw, (max-width: 1071px) 543px, 580px\" \/><figcaption class=\"wp-element-caption\"><strong>\ud83e\ude76<\/strong> <strong><mark style=\"background-color:rgba(0, 0, 0, 0)\" class=\"has-inline-color has-black-color\"><em>Lilith<\/em> &#8211; 1 an et demi <\/mark><\/strong>\ud83e\ude76  <br>Cette adorable minette a \u00e9t\u00e9 abandonn\u00e9e pour des raisons financi\u00e8res. Nous savons qu&#8217;elle n&#8217;aura pas de difficult\u00e9 \u00e0 se plaire chez vous ! Elle est tr\u00e8s c\u00e2line et a m\u00eame \u00e9t\u00e9 \u00e9lev\u00e9e avec des enfants en bas \u00e2ge.  <br><br>Chats, chiens OK \u2611\ufe0f<br>Enfants OK \u2611\ufe0f<br>__________________________________________<\/figcaption><\/figure>\n\n\n\n<figure class=\"wp-block-image size-large is-resized is-style-default\"><img loading=\"lazy\" decoding=\"async\" width=\"1024\" height=\"560\" src=\"https:\/\/ecoleduchat.asso.fr\/wp-content\/uploads\/2026\/04\/20260425_000814-scaled-e1777235526601-1024x560.jpg\" alt=\"Simon\" class=\"wp-image-588\" style=\"width:674px;height:auto\" srcset=\"https:\/\/ecoleduchat.asso.fr\/wp-content\/uploads\/2026\/04\/20260425_000814-scaled-e1777235526601-1024x560.jpg 1024w, https:\/\/ecoleduchat.asso.fr\/wp-content\/uploads\/2026\/04\/20260425_000814-scaled-e1777235526601-300x164.jpg 300w, https:\/\/ecoleduchat.asso.fr\/wp-content\/uploads\/2026\/04\/20260425_000814-scaled-e1777235526601-768x420.jpg 768w, https:\/\/ecoleduchat.asso.fr\/wp-content\/uploads\/2026\/04\/20260425_000814-scaled-e1777235526601-1536x841.jpg 1536w, https:\/\/ecoleduchat.asso.fr\/wp-content\/uploads\/2026\/04\/20260425_000814-scaled-e1777235526601-2048x1121.jpg 2048w\" sizes=\"(max-width: 767px) 89vw, (max-width: 1000px) 54vw, (max-width: 1071px) 543px, 580px\" \/><figcaption class=\"wp-element-caption\"> \ud83e\udd0d <strong><mark style=\"background-color:rgba(0, 0, 0, 0)\" class=\"has-inline-color has-black-color\"><em>Simon<\/em> &#8211;<\/mark> 5 ans <\/strong>\ud83e\udd0d<br>Nous avons recueilli ce matou super cool suite au d\u00e9c\u00e8s de sa ma\u00eetresse. Il est tr\u00e8s attachant et est un super compagnon. Il est du style \u00e0 ouvrir les portes et aimer se mettre devant notre assiette au moment du repas \ud83d\ude3c<br><br>Chats, chiens OK \u2611\ufe0f<br>Enfants OK \u2611\ufe0f<br>__________________________________________<\/figcaption><\/figure>\n\n\n\n<figure class=\"wp-block-image size-large is-style-default\"><img loading=\"lazy\" decoding=\"async\" width=\"690\" height=\"1024\" src=\"https:\/\/ecoleduchat.asso.fr\/wp-content\/uploads\/2026\/04\/20260425_000630-scaled-e1777236134265-690x1024.jpg\" alt=\"\" class=\"wp-image-592\" srcset=\"https:\/\/ecoleduchat.asso.fr\/wp-content\/uploads\/2026\/04\/20260425_000630-scaled-e1777236134265-690x1024.jpg 690w, https:\/\/ecoleduchat.asso.fr\/wp-content\/uploads\/2026\/04\/20260425_000630-scaled-e1777236134265-202x300.jpg 202w, https:\/\/ecoleduchat.asso.fr\/wp-content\/uploads\/2026\/04\/20260425_000630-scaled-e1777236134265-768x1140.jpg 768w, https:\/\/ecoleduchat.asso.fr\/wp-content\/uploads\/2026\/04\/20260425_000630-scaled-e1777236134265.jpg 949w\" sizes=\"(max-width: 690px) 100vw, 690px\" \/><figcaption class=\"wp-element-caption\">\ud83d\udda4 <strong><mark style=\"background-color:rgba(0, 0, 0, 0)\" class=\"has-inline-color has-black-color\"><em>Yoda<\/em> &#8211;<\/mark> 2 ans et demi<\/strong>\ud83d\udda4<br>Un peu timide, cet adorable minou m\u00e9rite de trouver un doux foyer qui l&#8217;acceptera avec ses craintes, qui s&#8217;effaceront avec du temps et de la patience. Il appr\u00e9cie les caresses et est un vrai gourmand.<br><br>Chats OK \u2611\ufe0f<br>Petits chiens \u2611\ufe0f<br>Pas d&#8217;enfants en bas \u00e2ge<br>__________________________________________<\/figcaption><\/figure>\n<\/div><\/div>\n\n\n\n<figure class=\"wp-block-image size-large is-style-default\"><img loading=\"lazy\" decoding=\"async\" width=\"768\" height=\"1024\" src=\"https:\/\/ecoleduchat.asso.fr\/wp-content\/uploads\/2026\/04\/1000060662-768x1024.jpg\" alt=\"\" class=\"wp-image-577\" srcset=\"https:\/\/ecoleduchat.asso.fr\/wp-content\/uploads\/2026\/04\/1000060662-768x1024.jpg 768w, https:\/\/ecoleduchat.asso.fr\/wp-content\/uploads\/2026\/04\/1000060662-225x300.jpg 225w, https:\/\/ecoleduchat.asso.fr\/wp-content\/uploads\/2026\/04\/1000060662-1152x1536.jpg 1152w, https:\/\/ecoleduchat.asso.fr\/wp-content\/uploads\/2026\/04\/1000060662.jpg 1530w\" sizes=\"(max-width: 767px) 89vw, (max-width: 1000px) 54vw, (max-width: 1071px) 543px, 580px\" \/><figcaption class=\"wp-element-caption\">\ud83e\udd0e <strong><mark style=\"background-color:rgba(0, 0, 0, 0)\" class=\"has-inline-color has-black-color\"><em>Nanou<\/em> &#8211; 9 ans<\/mark><\/strong>\ud83e\udd0e<br>Nous avons recueillie cette minette suite au d\u00e9c\u00e8s de sa ma\u00eetresse.<br>Elle aime l&#8217;humain mais est tr\u00e8s ind\u00e9pendante. C&#8217;est elle qui d\u00e9cide quand elle vient chercher les c\u00e2lins !<br>Elle se plaira le mieux chez une personne seule, sans autre chat, pour un rythme de vie tranquille \ud83d\ude3b<br><br>__________________________________________<\/figcaption><\/figure>\n","protected":false},"excerpt":{"rendered":"<p>\ud83d\udc08 Page en cours d&#8217;\u00e9laboration &#8211; n&#8217;h\u00e9sitez pas \u00e0 nous contacter pour plus d&#8217;informations sur nos chats \u00e0 adopter ! Nos chats \u00e0 l&#8217;adoption<\/p>\n","protected":false},"author":1,"featured_media":0,"parent":0,"menu_order":0,"comment_status":"closed","ping_status":"closed","template":"","meta":{"footnotes":""},"_links":{"self":[{"href":"https:\/\/ecoleduchat.asso.fr\/index.php?rest_route=\/wp\/v2\/pages\/274"}],"collection":[{"href":"https:\/\/ecoleduchat.asso.fr\/index.php?rest_route=\/wp\/v2\/pages"}],"about":[{"href":"https:\/\/ecoleduchat.asso.fr\/index.php?rest_route=\/wp\/v2\/types\/page"}],"author":[{"embeddable":true,"href":"https:\/\/ecoleduchat.asso.fr\/index.php?rest_route=\/wp\/v2\/users\/1"}],"replies":[{"embeddable":true,"href":"https:\/\/ecoleduchat.asso.fr\/index.php?rest_route=%2Fwp%2Fv2%2Fcomments&post=274"}],"version-history":[{"count":41,"href":"https:\/\/ecoleduchat.asso.fr\/index.php?rest_route=\/wp\/v2\/pages\/274\/revisions"}],"predecessor-version":[{"id":668,"href":"https:\/\/ecoleduchat.asso.fr\/index.php?rest_route=\/wp\/v2\/pages\/274\/revisions\/668"}],"wp:attachment":[{"href":"https:\/\/ecoleduchat.asso.fr\/index.php?rest_route=%2Fwp%2Fv2%2Fmedia&parent=274"}],"curies":[{"name":"wp","href":"https:\/\/api.w.org\/{rel}","templated":true}]}}

Nos chats à adopter

<blockquote class="wp-block-quote is-layout-flow wp-block-quote-is-layout-flow">
<p>🐈 Page en cours d&#8217;élaboration &#8211; n&#8217;hésitez pas à nous contacter pour plus d&#8217;informations sur nos chats à adopter ! </p>
</blockquote>



<h1 class="wp-block-heading has-text-align-center" style="font-size:17px">Nos chats à l&#8217;adoption</h1>



<figure class="wp-block-image size-large is-style-default"><img loading="lazy" decoding="async" width="768" height="1024" src="https://ecoleduchat.asso.fr/wp-content/uploads/2026/04/IMG-20260424-WA0031-768x1024.jpg" alt="" class="wp-image-591" srcset="https://ecoleduchat.asso.fr/wp-content/uploads/2026/04/IMG-20260424-WA0031-768x1024.jpg 768w, https://ecoleduchat.asso.fr/wp-content/uploads/2026/04/IMG-20260424-WA0031-225x300.jpg 225w, https://ecoleduchat.asso.fr/wp-content/uploads/2026/04/IMG-20260424-WA0031.jpg 1080w" sizes="(max-width: 767px) 89vw, (max-width: 1000px) 54vw, (max-width: 1071px) 543px, 580px" /></figure>



<figure class="wp-block-image size-large is-resized is-style-default"><img loading="lazy" decoding="async" width="576" height="1024" src="https://ecoleduchat.asso.fr/wp-content/uploads/2026/04/1000060653-576x1024.jpg" alt="" class="wp-image-573" style="width:674px;height:auto" srcset="https://ecoleduchat.asso.fr/wp-content/uploads/2026/04/1000060653-576x1024.jpg 576w, https://ecoleduchat.asso.fr/wp-content/uploads/2026/04/1000060653-169x300.jpg 169w, https://ecoleduchat.asso.fr/wp-content/uploads/2026/04/1000060653-768x1365.jpg 768w, https://ecoleduchat.asso.fr/wp-content/uploads/2026/04/1000060653-864x1536.jpg 864w, https://ecoleduchat.asso.fr/wp-content/uploads/2026/04/1000060653.jpg 1080w" sizes="(max-width: 576px) 100vw, 576px" /><figcaption class="wp-element-caption">🖤 <strong><mark style="background-color:rgba(0, 0, 0, 0)" class="has-inline-color has-black-color"><em>Baloo</em> &#8211; 9 mois</mark></strong> 🖤<br>Nous avons recueilli Baloo dans une zone industrielle à ses 7 mois.<br>La sociabilisation s&#8217;est faite rapidement, mais il lui arrive d&#8217;être encore un peu craintif parfois.<br>Avec un peu de patience, il saura vite vous rendre votre amour.<br>De tempérament assez calme pour son âge, il est joueur et gourmand (il adorera finir vos pots de yaourt !)<br><br>Chats, chiens OK ☑️<br>Si vous avez des enfants, Baloo aura quand même besoin de tranquilité pour bien s&#8217;adapter<br>__________________________________________<br></figcaption></figure>



<div class="wp-block-group"><div class="wp-block-group__inner-container is-layout-constrained wp-block-group-is-layout-constrained">
<figure class="wp-block-image size-large is-resized is-style-default"><img loading="lazy" decoding="async" width="1024" height="768" src="https://ecoleduchat.asso.fr/wp-content/uploads/2026/04/1000060659-1024x768.jpg" alt="" class="wp-image-571" style="width:674px;height:auto" srcset="https://ecoleduchat.asso.fr/wp-content/uploads/2026/04/1000060659-1024x768.jpg 1024w, https://ecoleduchat.asso.fr/wp-content/uploads/2026/04/1000060659-300x225.jpg 300w, https://ecoleduchat.asso.fr/wp-content/uploads/2026/04/1000060659-768x576.jpg 768w, https://ecoleduchat.asso.fr/wp-content/uploads/2026/04/1000060659-1536x1152.jpg 1536w, https://ecoleduchat.asso.fr/wp-content/uploads/2026/04/1000060659.jpg 2000w" sizes="(max-width: 767px) 89vw, (max-width: 1000px) 54vw, (max-width: 1071px) 543px, 580px" /><figcaption class="wp-element-caption"><strong>🩶</strong> <strong><mark style="background-color:rgba(0, 0, 0, 0)" class="has-inline-color has-black-color"><em>Lilith</em> &#8211; 1 an et demi </mark></strong>🩶  <br>Cette adorable minette a été abandonnée pour des raisons financières. Nous savons qu&#8217;elle n&#8217;aura pas de difficulté à se plaire chez vous ! Elle est très câline et a même été élevée avec des enfants en bas âge.  <br><br>Chats, chiens OK ☑️<br>Enfants OK ☑️<br>__________________________________________</figcaption></figure>



<figure class="wp-block-image size-large is-resized is-style-default"><img loading="lazy" decoding="async" width="1024" height="560" src="https://ecoleduchat.asso.fr/wp-content/uploads/2026/04/20260425_000814-scaled-e1777235526601-1024x560.jpg" alt="Simon" class="wp-image-588" style="width:674px;height:auto" srcset="https://ecoleduchat.asso.fr/wp-content/uploads/2026/04/20260425_000814-scaled-e1777235526601-1024x560.jpg 1024w, https://ecoleduchat.asso.fr/wp-content/uploads/2026/04/20260425_000814-scaled-e1777235526601-300x164.jpg 300w, https://ecoleduchat.asso.fr/wp-content/uploads/2026/04/20260425_000814-scaled-e1777235526601-768x420.jpg 768w, https://ecoleduchat.asso.fr/wp-content/uploads/2026/04/20260425_000814-scaled-e1777235526601-1536x841.jpg 1536w, https://ecoleduchat.asso.fr/wp-content/uploads/2026/04/20260425_000814-scaled-e1777235526601-2048x1121.jpg 2048w" sizes="(max-width: 767px) 89vw, (max-width: 1000px) 54vw, (max-width: 1071px) 543px, 580px" /><figcaption class="wp-element-caption"> 🤍 <strong><mark style="background-color:rgba(0, 0, 0, 0)" class="has-inline-color has-black-color"><em>Simon</em> &#8211;</mark> 5 ans </strong>🤍<br>Nous avons recueilli ce matou super cool suite au décès de sa maîtresse. Il est très attachant et est un super compagnon. Il est du style à ouvrir les portes et aimer se mettre devant notre assiette au moment du repas 😼<br><br>Chats, chiens OK ☑️<br>Enfants OK ☑️<br>__________________________________________</figcaption></figure>



<figure class="wp-block-image size-large is-style-default"><img loading="lazy" decoding="async" width="690" height="1024" src="https://ecoleduchat.asso.fr/wp-content/uploads/2026/04/20260425_000630-scaled-e1777236134265-690x1024.jpg" alt="" class="wp-image-592" srcset="https://ecoleduchat.asso.fr/wp-content/uploads/2026/04/20260425_000630-scaled-e1777236134265-690x1024.jpg 690w, https://ecoleduchat.asso.fr/wp-content/uploads/2026/04/20260425_000630-scaled-e1777236134265-202x300.jpg 202w, https://ecoleduchat.asso.fr/wp-content/uploads/2026/04/20260425_000630-scaled-e1777236134265-768x1140.jpg 768w, https://ecoleduchat.asso.fr/wp-content/uploads/2026/04/20260425_000630-scaled-e1777236134265.jpg 949w" sizes="(max-width: 690px) 100vw, 690px" /><figcaption class="wp-element-caption">🖤 <strong><mark style="background-color:rgba(0, 0, 0, 0)" class="has-inline-color has-black-color"><em>Yoda</em> &#8211;</mark> 2 ans et demi</strong>🖤<br>Un peu timide, cet adorable minou mérite de trouver un doux foyer qui l&#8217;acceptera avec ses craintes, qui s&#8217;effaceront avec du temps et de la patience. Il apprécie les caresses et est un vrai gourmand.<br><br>Chats OK ☑️<br>Petits chiens ☑️<br>Pas d&#8217;enfants en bas âge<br>__________________________________________</figcaption></figure>
</div></div>



<figure class="wp-block-image size-large is-style-default"><img loading="lazy" decoding="async" width="768" height="1024" src="https://ecoleduchat.asso.fr/wp-content/uploads/2026/04/1000060662-768x1024.jpg" alt="" class="wp-image-577" srcset="https://ecoleduchat.asso.fr/wp-content/uploads/2026/04/1000060662-768x1024.jpg 768w, https://ecoleduchat.asso.fr/wp-content/uploads/2026/04/1000060662-225x300.jpg 225w, https://ecoleduchat.asso.fr/wp-content/uploads/2026/04/1000060662-1152x1536.jpg 1152w, https://ecoleduchat.asso.fr/wp-content/uploads/2026/04/1000060662.jpg 1530w" sizes="(max-width: 767px) 89vw, (max-width: 1000px) 54vw, (max-width: 1071px) 543px, 580px" /><figcaption class="wp-element-caption">🤎 <strong><mark style="background-color:rgba(0, 0, 0, 0)" class="has-inline-color has-black-color"><em>Nanou</em> &#8211; 9 ans</mark></strong>🤎<br>Nous avons recueillie cette minette suite au décès de sa maîtresse.<br>Elle aime l&#8217;humain mais est très indépendante. C&#8217;est elle qui décide quand elle vient chercher les câlins !<br>Elle se plaira le mieux chez une personne seule, sans autre chat, pour un rythme de vie tranquille 😻<br><br>__________________________________________</figcaption></figure>

<p>🐈 Page en cours d&#8217;élaboration &#8211; n&#8217;hésitez pas à nous contacter pour plus d&#8217;informations sur nos chats à adopter ! Nos chats à l&#8217;adoption</p>
