{"id":2,"date":"2020-11-29T13:38:27","date_gmt":"2020-11-29T12:38:27","guid":{"rendered":"http:\/\/ecoleduchat.asso.fr\/?page_id=2"},"modified":"2020-12-08T11:08:22","modified_gmt":"2020-12-08T10:08:22","slug":"page-d-exemple","status":"publish","type":"page","link":"https:\/\/ecoleduchat.asso.fr\/?page_id=2","title":{"rendered":"L&#8217;\u00c9cole du chat"},"content":{"rendered":"\n<p class=\"has-text-align-center\"><strong>CHAT&#8217;LM<\/strong><\/p>\n\n\n\n<p class=\"has-text-align-center\"><img loading=\"lazy\" decoding=\"async\" width=\"500\" height=\"365\" class=\"wp-image-252\" style=\"width: 500px;\" src=\"https:\/\/ecoleduchat.asso.fr\/wp-content\/uploads\/2020\/12\/Chatlm-1.jpg\" alt=\"\" srcset=\"https:\/\/ecoleduchat.asso.fr\/wp-content\/uploads\/2020\/12\/Chatlm-1.jpg 518w, https:\/\/ecoleduchat.asso.fr\/wp-content\/uploads\/2020\/12\/Chatlm-1-300x219.jpg 300w\" sizes=\"(max-width: 500px) 100vw, 500px\" \/><\/p>\n\n\n\n<p class=\"has-text-align-center\"><strong>Mod\u00e8le rustique imputrescible et bioclimatique<\/strong><\/p>\n\n\n\n<p>L\u2019objet premier de l\u2019\u00c9cole du chat n\u2019est pas de recueillir les chats abandonn\u00e9s \u2013 elle n\u2019a pas de refuge \u00e0 cet effet- et bien qu\u2019elle soit constamment confront\u00e9e \u00e0 ce type de situation, elle fait son possible pour sauver ces chats et leur trouver un foyer. Elle a \u00e9t\u00e9 cr\u00e9\u00e9e en 1978 pour sauver les chats errants du Cimeti\u00e8re Montmartre qui \u00e9taient mis en fourri\u00e8re et euthanasi\u00e9s conform\u00e9ment \u00e0 la r\u00e9glementation en cours. Elle a propos\u00e9 et applique depuis lors cette politique d\u2019int\u00e9gration des chats dits \u00ab&nbsp;errants&nbsp;\u00bb sur leur territoire de naissance.<\/p>\n\n\n\n<ul><li>St\u00e9rilisation, qui supprime les naissances abondantes des chats et les r\u00e9actions d\u2019hostilit\u00e9 \u00e0 leur \u00e9gard.<\/li><li>Tatouage au nom de l\u2019\u00c9cole du Chat, qui donne une identit\u00e9 \u00e0 ces chats dont personne ne revendique la propri\u00e9t\u00e9.<\/li><li>Contr\u00f4le sanitaire<\/li><li>Domiciliation dans des abris \u00ab&nbsp;Chat-lm&nbsp;\u00bb en accord avec les autorit\u00e9s responsables du territoire o\u00f9 vivent les chats.<\/li><\/ul>\n\n\n\n<blockquote class=\"wp-block-quote has-text-align-center is-layout-flow wp-block-quote-is-layout-flow\"><p><img loading=\"lazy\" decoding=\"async\" width=\"500\" height=\"326\" class=\"wp-image-29\" style=\"width: 500px;\" src=\"https:\/\/ecoleduchat.asso.fr\/wp-content\/uploads\/2020\/11\/img2-ecoleduchat-page-1.jpg\" alt=\"\" srcset=\"https:\/\/ecoleduchat.asso.fr\/wp-content\/uploads\/2020\/11\/img2-ecoleduchat-page-1.jpg 360w, https:\/\/ecoleduchat.asso.fr\/wp-content\/uploads\/2020\/11\/img2-ecoleduchat-page-1-300x196.jpg 300w\" sizes=\"(max-width: 500px) 100vw, 500px\" \/><\/p><p><strong>L\u2019\u00c9cole du Chat<\/strong>&nbsp;a une mission&nbsp;: la protection du chat \u00ab&nbsp;libre&nbsp;\u00bbsur son territoire comme du chat familier abandonn\u00e9 et en attente d\u2019une maison, du chat adulte comme du chaton, du chat \u00e2g\u00e9 comme du chat malade ou bless\u00e9. Avec peu de moyens financiers, avec des b\u00e9n\u00e9voles trop peu nombreux, elle accomplit une action d\u2019utilit\u00e9 publique dont la seule finalit\u00e9 est la protection, le bien -\u00eatre et la r\u00e9habilitation du chat dans tous ses \u00e9tats .<\/p><\/blockquote>\n\n\n\n<blockquote class=\"wp-block-quote has-text-align-center is-layout-flow wp-block-quote-is-layout-flow\"><p><img loading=\"lazy\" decoding=\"async\" width=\"500\" height=\"375\" class=\"wp-image-30\" style=\"width: 500px;\" src=\"https:\/\/ecoleduchat.asso.fr\/wp-content\/uploads\/2020\/11\/img3-ecoleduchat-page-1.jpg\" alt=\"\" srcset=\"https:\/\/ecoleduchat.asso.fr\/wp-content\/uploads\/2020\/11\/img3-ecoleduchat-page-1.jpg 500w, https:\/\/ecoleduchat.asso.fr\/wp-content\/uploads\/2020\/11\/img3-ecoleduchat-page-1-300x225.jpg 300w\" sizes=\"(max-width: 500px) 100vw, 500px\" \/><\/p><\/blockquote>\n","protected":false},"excerpt":{"rendered":"<p>CHAT&#8217;LM Mod\u00e8le rustique imputrescible et bioclimatique L\u2019objet premier de l\u2019\u00c9cole du chat n\u2019est pas de recueillir les chats abandonn\u00e9s \u2013 elle n\u2019a pas de refuge \u00e0 cet effet- et bien qu\u2019elle soit constamment confront\u00e9e \u00e0 ce type de situation, elle fait son possible pour sauver ces chats et leur trouver un foyer. Elle a \u00e9t\u00e9 &hellip; <\/p>\n<p class=\"link-more\"><a href=\"https:\/\/ecoleduchat.asso.fr\/?page_id=2\" class=\"more-link\">Continuer la lecture<span class=\"screen-reader-text\"> de &laquo;&nbsp;L&#8217;\u00c9cole du chat&nbsp;&raquo;<\/span><\/a><\/p>\n","protected":false},"author":1,"featured_media":0,"parent":0,"menu_order":0,"comment_status":"closed","ping_status":"open","template":"","meta":{"footnotes":""},"_links":{"self":[{"href":"https:\/\/ecoleduchat.asso.fr\/index.php?rest_route=\/wp\/v2\/pages\/2"}],"collection":[{"href":"https:\/\/ecoleduchat.asso.fr\/index.php?rest_route=\/wp\/v2\/pages"}],"about":[{"href":"https:\/\/ecoleduchat.asso.fr\/index.php?rest_route=\/wp\/v2\/types\/page"}],"author":[{"embeddable":true,"href":"https:\/\/ecoleduchat.asso.fr\/index.php?rest_route=\/wp\/v2\/users\/1"}],"replies":[{"embeddable":true,"href":"https:\/\/ecoleduchat.asso.fr\/index.php?rest_route=%2Fwp%2Fv2%2Fcomments&post=2"}],"version-history":[{"count":6,"href":"https:\/\/ecoleduchat.asso.fr\/index.php?rest_route=\/wp\/v2\/pages\/2\/revisions"}],"predecessor-version":[{"id":262,"href":"https:\/\/ecoleduchat.asso.fr\/index.php?rest_route=\/wp\/v2\/pages\/2\/revisions\/262"}],"wp:attachment":[{"href":"https:\/\/ecoleduchat.asso.fr\/index.php?rest_route=%2Fwp%2Fv2%2Fmedia&parent=2"}],"curies":[{"name":"wp","href":"https:\/\/api.w.org\/{rel}","templated":true}]}}